996?
False
Does 26 divide 195614874?
True
Is 50821352 a multiple of 56?
False
Is 1492 a factor of 65354927?
False
Does 17 divide 7922995?
False
Is 15 a factor of 27888149?
False
Is 466 a factor of 57952700?
False
Does 18 divide 25690248?
True
Is 21747567 a multiple of 2515?
False
Is 644033406 a multiple of 2638?
True
Does 44 divide 75602589?
False
Is 14011308 a multiple of 6?
True
Is 13264749 a multiple of 5228?
False
Does 7 divide 46409026?
False
Does 1338 divide 1683369912?
True
Is 533152000 a multiple of 3200?
True
Is 14883288 a multiple of 12?
True
Is 315 a factor of 198345735?
True
Is 143 a factor of 10610642?
False
Is 60 a factor of 5355883?
False
Is 204 a factor of 104582844?
True
Is 7394647 a multiple of 311?
True
Is 88 a factor of 912961984?
True
Is 120 a factor of 32864280?
True
Does 16 divide 478419328?
True
Does 292 divide 300296596?
True
Does 54 divide 16157764?
False
Is 11 a factor of 52838841?
True
Is 14052206 a multiple of 10?
False
Is 53059984 a multiple of 24?
False
Is 421 a factor of 282150832?
True
Is 12 a factor of 133964244?
True
Does 6090 divide 589402380?
True
Is 174722445 a multiple of 135?
False
Is 1399 a factor of 7846991?
True
Does 58 divide 392073968?
True
Is 59389988 a multiple of 2021?
False
Does 669 divide 282171489?
True
Is 20572286 a multiple of 202?
True
Is 67 a factor of 70350564?
False
Is 3638 a factor of 463583064?
True
Is 17 a factor of 10450171?
False
Is 124 a factor of 3010644112?
True
Is 136 a factor of 59204880?
True
Is 135884870 a multiple of 22?
True
Is 307823804 a multiple of 908?
True
Is 1865494957 a multiple of 186?
False
Does 2 divide 133104501?
False
Is 3808660141 a multiple of 1243?
True
Does 147 divide 91141176?
True
Does 35 divide 14316855?
True
Is 53 a factor of 144889683?
False
Does 270 divide 830973333?
False
Is 18 a factor of 7691247666?
True
Is 3142 a factor of 818786546?
False
Does 321 divide 26931900?
True
Is 133 a factor of 728980821?
False
Is 11 a factor of 25764272?
False
Is 3609 a factor of 214403472?
True
Is 2957 a factor of 2072091137?
True
Is 1035415248 a multiple of 194?
True
Is 4 a factor of 619092160?
True
Is 2146297972 a multiple of 364?
True
Is 153319992 a multiple of 42?
True
Is 2204 a factor of 263307472?
True
Is 21 a factor of 89285532?
True
Is 290629545 a multiple of 641?
False
Is 292206680 a multiple of 388?
True
Is 9 a factor of 18223446?
False
Is 61520587 a multiple of 8?
False
Is 52 a factor of 2596490?
False
Is 94864588 a multiple of 806?
True
Is 2871 a factor of 570378699?
True
Is 668 a factor of 16798864?
True
Is 8746357 a multiple of 3019?
False
Is 696 a factor of 51726024?
True
Does 71 divide 757144?
True
Does 4 divide 5703708?
True
Is 13 a factor of 508770873?
True
Is 77659369 a multiple of 219?
False
Is 161687001 a multiple of 21?
True
Does 4 divide 296031000?
True
Does 45 divide 580680045?
True
Is 236 a factor of 1274636?
True
Does 602 divide 42888286?
True
Is 126861552 a multiple of 487?
True
Is 2125101 a multiple of 58?
False
Is 105922948 a multiple of 19?
True
Is 10431076 a multiple of 1010?
False
Is 21094228 a multiple of 149?
True
Does 69 divide 24392328?
True
Is 27195399 a multiple of 1143?
True
Is 507 a factor of 1900416492?
True
Does 224 divide 6407431597?
False
Does 36 divide 2518340850?
False
Does 7057 divide 1744815022?
True
Does 2962 divide 76293852?
False
Does 13 divide 19969651?
True
Is 535 a factor of 62210024?
False
Is 56817025 a multiple of 1055?
True
Is 5 a factor of 362958600?
True
Is 31 a factor of 5027797?
True
Is 497496554 a multiple of 191?
True
Is 71 a factor of 933725970?
True
Does 2805 divide 10759980?
True
Does 58 divide 1478460?
False
Is 31 a factor of 4103098?
True
Does 384 divide 53252352?
True
Is 4 a factor of 21211972?
True
Is 1400821591 a multiple of 10?
False
Is 26470864 a multiple of 56?
True
Is 9 a factor of 219450492?
True
Is 37931112 a multiple of 67?
True
Does 103 divide 1585969330?
False
Is 9389058 a multiple of 208?
False
Is 399408432 a multiple of 404?
False
Does 810 divide 19069830?
True
Is 84855128 a multiple of 11?
False
Is 89591612 a multiple of 3457?
True
Does 49 divide 205831156?
False
Does 408 divide 12673704?
True
Does 20 divide 8383060?
True
Is 304147972 a multiple of 174?
False
Does 1680 divide 317382276?
False
Is 135 a factor of 986083065?
True
Is 616730246 a multiple of 1626?
False
Does 116 divide 79703908?
False
Is 301933658 a multiple of 1733?
True
Is 43 a factor of 493895059?
False
Is 1029 a factor of 1742138538?
False
Is 1601741484 a multiple of 2289?
True
Is 89 a factor of 47935756?
True
Does 179 divide 53041110?
False
Does 120 divide 300417720?
True
Is 40575682 a multiple of 1443?
False
Is 104 a factor of 698386520?
True
Is 81 a factor of 1400664150?
True
Is 1438 a factor of 18440005?
False
Does 236 divide 5225278360?
True
Does 15 divide 128552564?
False
Is 51923976 a multiple of 163?
True
Does 10 divide 238477620?
True
Is 1587932672 a multiple of 5996?
True
Is 9 a factor of 44725689?
True
Is 533 a factor of 222784406?
True
Is 25891429 even?
False
Is 279 a factor of 484573226?
False
Is 256 a factor of 104256000?
True
Does 41 divide 271516801?
True
Does 9 divide 1975061772?
True
Does 1325 divide 85576450?
True
Is 13669061 a multiple of 23?
True
Is 16 a factor of 191445054?
False
Does 18 divide 260959338?
True
Does 5 divide 470187?
False
Is 4 a factor of 4041015?
False
Does 2528 divide 583037696?
True
Is 119519565 a multiple of 15?
True
Is 8429727 a multiple of 38?
False
Is 1976492697 a multiple of 11?
False
Is 49924630 a multiple of 1466?
True
Does 7890 divide 2484379530?
True
Is 149 a factor of 5718174?
False
Does 1746 divide 125610732?
True
Does 24 divide 236562759?
False
Is 534 a factor of 61485294?
True
Is 597 a factor of 289947975?
True
Is 1194 a factor of 1285155930?
True
Is 144 a factor of 3433325542?
False
Is 302185571 a multiple of 14?
False
Is 713942926 a multiple of 262?
True
Is 10907378 a multiple of 2047?
False
Is 1556124090 a multiple of 274?
True
Is 64191987 a multiple of 768?
False
Is 18 a factor of 104253292?
False
Is 1822 a factor of 261562676?
True
Does 39 divide 902269875?
True
Is 466 a factor of 30091950?
True
Is 172077920 a multiple of 8?
True
Does 33 divide 2651929?
False
Does 4 divide 11542568?
True
Is 1366 a factor of 11746234?
True
Is 83896745 a multiple of 333?
False
Does 591 divide 1218142377?
False
Is 1018344710 a multiple of 3145?
True
Is 24575870 a multiple of 22?
True
Does 112 divide 13209504?
True
Does 33 divide 3678048?
True
Does 123 divide 38604699?
False
Is 3 a factor of 15551515?
False
Does 1730 divide 531892895?
False
Is 1591250880 a multiple of 937?
True
Does 18 divide 130820430?
False
Does 187 divide 11326316?
False
Does 53 divide 458006225?
False
Is 117816100 a multiple of 10?
True
Is 333862300 a multiple of 883?
True
Does 1131 divide 226713474?
True
Is 1857 a factor of 794948617?
False
Is 32852400 a multiple of 25?
True
Does 2363 divide 256338240?
True
Does 17 divide 102861632?
False
Is 31049943 a multiple of 1742?
False
Is 177 a factor of 15435285?
True
Is 311500109 a multiple of 507?
False
Is 215377305 a multiple of 2015?
True
Is 8640 a factor of 948240000?
True
Is 109823400 a multiple of 888?
True
Is 11 a factor of 339168698?
True
Is 47 a factor of 130896862?
False
Is 24081894 a multiple of 114?
False
Is 15 a factor of 27104234?
False
Is 32 a factor of 1281472?
True
Does 698 divide 24554942?
True
Is 4043 a factor of 500753851?
True
Does 14 divide 143057420?
False
Is 77955573 a multiple of 2?
False
Is 38 a factor of 10278762?
False
Is 12 a factor of 632036640?
True
Does 841 divide 50988989?
True
Is 39611186 a multiple of 235?
False
Is 12075459 a multiple of 102?
False
Does 25 divide 53269798?
False
Is 5088 a factor of 430105579?
False
Is 2854 a factor of 101225672?
True
Does 264 divide 448477?
False
Is 77708696 a multiple of 52?
True
Does 346 divide 30907091?
False
Is 382809 a multiple of 7?
True
Does 4590 divide 660608676?
False
Is 214 a factor of 5442580?
False
Is 31 a factor of 69707153?
False
Is 64107351 a multiple of 57?
False
Is 23 a factor of 235202277?
False
Is 2068283785 a multiple of 535?
True
Is 792792292 a multiple of 9?
False
Is 18 a factor of 5577838?
False
Does 3272 divide 6958565672?
True
Is 1008677159 a multiple of 959?
True
Is 938799